mmon divisor of 5265 and 325?
65
What is the greatest common factor of 3498 and 66?
66
Calculate the greatest common divisor of 135 and 105.
15
Calculate the greatest common factor of 299 and 3542.
23
Calculate the highest common factor of 4030 and 390.
130
Calculate the highest common divisor of 901 and 34.
17
Calculate the greatest common divisor of 339 and 3277.
113
What is the greatest common divisor of 88 and 781?
11
Calculate the greatest common divisor of 345 and 60.
15
Calculate the highest common divisor of 2775 and 795.
15
What is the greatest common factor of 117 and 3?
3
Calculate the highest common factor of 700 and 1820.
140
Calculate the highest common factor of 2 and 26.
2
Calculate the greatest common factor of 2292 and 24.
12
What is the greatest common divisor of 80 and 140?
20
What is the greatest common factor of 9 and 162?
9
Calculate the highest common divisor of 780 and 33150.
390
Calculate the highest common factor of 216 and 28.
4
Calculate the greatest common factor of 9 and 387.
9
What is the highest common divisor of 948 and 48?
12
Calculate the highest common divisor of 64 and 144.
16
Calculate the highest common factor of 8 and 1730.
2
What is the highest common factor of 477 and 27?
9
Calculate the highest common divisor of 175 and 575.
25
What is the highest common factor of 39 and 221?
13
What is the greatest common divisor of 162 and 12?
6
What is the greatest common divisor of 738 and 5658?
246
What is the highest common divisor of 51 and 1173?
51
Calculate the highest common factor of 893 and 57.
19
What is the highest common divisor of 1211 and 70?
7
What is the greatest common factor of 55 and 176?
11
Calculate the highest common divisor of 20 and 172880.
20
Calculate the highest common divisor of 325 and 39.
13
What is the highest common factor of 437 and 161?
23
Calculate the highest common divisor of 474 and 336.
6
What is the highest common factor of 64 and 376?
8
What is the highest common factor of 30 and 570?
30
What is the highest common divisor of 70 and 3052?
14
What is the highest common divisor of 90 and 18?
18
Calculate the highest common divisor of 14 and 5894.
14
Calculate the greatest common factor of 270 and 360.
90
Calculate the highest common factor of 770 and 154.
154
Calculate the greatest common divisor of 360 and 150.
30
Calculate the highest common divisor of 16 and 28.
4
Calculate the highest common divisor of 166 and 2905.
83
Calculate the greatest common factor of 42 and 56.
14
Calculate the highest common divisor of 56 and 756.
28
Calculate the greatest common divisor of 26 and 6.
2
What is the highest common factor of 365 and 635?
5
Calculate the greatest common divisor of 62 and 310.
62
What is the greatest common factor of 52 and 6253?
13
What is the greatest common factor of 4082 and 26?
26
Calculate the greatest common divisor of 16 and 704.
16
Calculate the highest common divisor of 1 and 5.
1
Calculate the highest common divisor of 1150 and 23.
23
What is the greatest common factor of 3 and 101?
1
What is the highest common divisor of 3479 and 28?
7
What is the highest common divisor of 43 and 1376?
43
What is the greatest common divisor of 9808 and 128?
16
What is the greatest common factor of 190 and 57?
19
What is the highest common divisor of 2542 and 656?
82
What is the highest common factor of 29 and 37439?
29
What is the highest common divisor of 231 and 189?
21
What is the highest common divisor of 10 and 70?
10
What is the highest common factor of 57 and 703?
19
What is the greatest common divisor of 6424 and 44?
44
What is the highest common divisor of 2904 and 990?
66
What is the highest common divisor of 7869 and 1281?
183
Calculate the greatest common divisor of 120 and 390.
30
Calculate the greatest common divisor of 52 and 1079.
13
Calculate the highest common divisor of 26 and 234.
26
Calculate the highest common factor of 338 and 26.
26
Calculate the highest common divisor of 555 and 1221.
111
Calculate the highest common factor of 672 and 105.
21
Calculate the highest common divisor of 224 and 80.
16
Calculate the highest common divisor of 506 and 44.
22
Calculate the greatest common factor of 1717 and 101.
101
Calculate the highest common factor of 132 and 88.
44
What is the greatest common divisor of 90 and 375?
15
What is the greatest common factor of 999 and 222?
111
What is the greatest common divisor of 132 and 78?
6
Calculate the highest common factor of 25 and 10.
5
What is the greatest common divisor of 391 and 736?
23
Calculate the greatest common factor of 493 and 435.
29
Calculate the greatest common factor of 612 and 108.
36
What is the highest common divisor of 40 and 328?
8
What is the greatest common divisor of 37 and 10027?
37
Calculate the highest common factor of 21 and 2247.
21
Calculate the highest common factor of 1 and 4261.
1
Calculate the highest common factor of 567 and 84.
21
What is the greatest common divisor of 153 and 2448?
153
Calculate the greatest common divisor of 19 and 8.
1
Calculate the highest common divisor of 47 and 3.
1
What is the highest common factor of 5137 and 11?
11
Calculate the highest common factor of 8370 and 15.
15
What is the greatest common factor of 88 and 22?
22
Calculate the highest common divisor of 225 and 18.
9
Calculate the highest common factor of 43 and 387.
43
What is the greatest common factor of 211 and 8651?
211
What is the greatest common divisor of 738 and 540?
18
What is the greatest common factor of 400 and 864?
16
What is the greatest common factor of 72 and 1476?
36
Calculate the highest common factor of 2368 and 74.
74
Calculate the greatest common divisor of 79 and 14.
1
Calculate the greatest common divisor of 8288 and 74.
74
Calculate the greatest common factor of 12 and 462.
6
Calculate the highest common divisor of 445 and 13439.
89
What is the greatest common divisor of 40 and 1310?
10
What is the highest common divisor of 68 and 272?
68
Calculate the greatest common factor of 608 and 2280.
152
Calculate the greatest common divisor of 60 and 17740.
20
Calculate the highest common factor of 1896 and 395.
79
What is the greatest common factor of 40 and 3165?
5
Calculate the highest common factor of 32516 and 88.
44
Calculate the highest common divisor of 1122 and 1530.
102
What is the highest common factor of 48 and 30?
6
What is the greatest common divisor of 17621 and 67?
67
What is the highest common factor of 325 and 1600?
25
What is the highest common divisor of 68 and 2108?
68
What is the highest common factor of 66 and 176?
22
Calculate the greatest common divisor of 330 and 45.
15
What is the highest common factor of 60 and 54?
6
Calculate the greatest common factor of 5 and 3305.
5
What is the greatest common factor of 5 and 19?
1
Calculate the highest common factor of 520 and 6680.
40
What is the greatest common factor of 629 and 111?
37
Calculate the greatest common divisor of 36 and 1422.
18
What is the highest common divisor of 154 and 220?
22
What is the highest common factor of 47 and 799?
47
Calculate the highest common factor of 145 and 1885.
145
Calculate the highest common divisor of 216 and 27.
27
Calculate the highest common divisor of 361 and 589.
19
Calculate the highest common factor of 132 and 4.
4
What is the greatest common divisor of 323 and 2499?
17
Calculate the greatest common divisor of 275 and 25.
25
Calculate the greatest common factor of 273 and 168.
21
Calculate the highest common factor of 192 and 48.
48
Calculate the highest common divisor of 9 and 24.
3
Calculate the greatest common factor of 4 and 102.
2
What is the highest common divisor of 24 and 1704?
24
Calculate the highest common divisor of 501 and 3.
3
What is the greatest common factor of 114 and 361?
19
Calculate the highest common factor of 5202 and 36.
18
What is the highest common divisor of 1917 and 189?
27
What is the greatest common divisor of 3611 and 23?
23
Calculate the highest common factor of 74 and 18.
2
What is the highest common factor of 275 and 100?
25
Calculate the highest common factor of 5 and 167.
1
Calculate the highest common divisor of 138 and 9.
3
Calculate the greatest common factor of 2 and 704.
2
What is the greatest common divisor of 12319 and 1